e 3*t - 17 = 16. Let c be (-3)/1 - (4 - 3). What is the remainder when t is divided by (-1)/(-1) + (-1 - c)?
3
Suppose 2*y = -4*y + 666. Calculate the remainder when y is divided by 28.
27
Let f be (112/(-12))/(2/(-30)). Suppose -5*z = -z - f. Calculate the remainder when z is divided by 9.
8
Suppose 18 = -15*u + 16*u. Calculate the remainder when u is divided by 5.
3
Suppose -d - 4*k = -k - 18, -5*k = -3*d + 12. Let y(f) = f**2 - 8*f + 8. Calculate the remainder when y(d) is divided by 5.
2
Let d(q) = -q**3 - 10*q**2 + 16*q - 4. What is the remainder when d(-12) is divided by 32?
28
Suppose -h - 3*h - 108 = -3*z, -3*z = -3*h - 111. Suppose w + 5*y - 9 - 12 = 0, -3*w + 5*y + 63 = 0. Calculate the remainder when z is divided by w.
19
Suppose 0 = -3*j + 18. Calculate the remainder when 2 + -6 - 175/(-7) is divided by j.
3
Let x(c) = -2*c**2 - 6*c - 6. Let s be x(-6). Let h = s + 30. Let r = h + 24. Calculate the remainder when 23 is divided by r.
11
Let w(j) = 5*j**2 + j - 5. Let c(k) = 3*k**2 + 6*k + 3. Calculate the remainder when w(4) is divided by c(-4).
25
Let w(u) = 2*u + 10. Calculate the remainder when 4 is divided by w(-4).
0
Suppose 0 = -2*s - 4*p, 3*s + 4 = -3*p + 16. Suppose 4*x - 4 = -0. Suppose -z = x - s. What is the remainder when z is divided by 3?
1
Let q be -2 + 6*-2*-1. Let x = -6 + q. Suppose 20 = x*i - 0*i. What is the remainder when 13 is divided by i?
3
Suppose -k - 4*g - 3 = -0*k, 3*k - 4*g + 9 = 0. Let u = 5 + k. Suppose 0*x = -u*x + 68. Calculate the remainder when x is divided by 12.
10
Let b = 13 - 64. Let k = b + 92. Let i(o) = 5*o**2 - 4*o + 2. Calculate the remainder when k is divided by i(2).
13
Let d be (2 + -2)*(-3)/3. Suppose 4*g - g - 76 = -2*r, 3*r - 3*g - 99 = d. What is the remainder when r is divided by 18?
17
Let z = -60 - -100. Let v(o) = o**2 - 48. Let m be v(0). What is the remainder when z is divided by 2 - (-7)/((-28)/m)?
12
What is the remainder when 4 is divided by (42/(-10))/(-3) - 93/(-155)?
0
Suppose -2*q + 99 = 35. Calculate the remainder when 126 is divided by q.
30
Suppose 5*p - 3*p - 12 = -5*b, 0 = -5*b - 20. Calculate the remainder when 60 is divided by p.
12
Suppose i + 9 = 5*l - 5, 0 = 3*i - l. Suppose 249 = 5*a - i. What is the remainder when a is divided by 13?
11
Let h be (-1)/(-2)*(83 - 1). Suppose 0 = -s + h + 15. Suppose 4*k + 4*n - 94 + 22 = 0, -41 = -2*k + 3*n. What is the remainder when s is divided by k?
18
Let p(v) = 14*v**3 + v**2 + v - 1. Let f = 13 + -9. Calculate the remainder when p(1) is divided by f.
3
Let r(q) = 2*q**2 - 3*q - 3. Let n be r(-5). Suppose 4*x + 54 = 4*v + 3*x, 3*x = -4*v + n. Calculate the remainder when 41 is divided by v.
13
Let h = -41 - -73. Calculate the remainder when h is divided by 17.
15
Let k(p) = 11*p - 38. Let r(a) = -4*a + 13. Let y(i) = -3*k(i) - 8*r(i). Let n be y(7). Suppose -n*o = -0*o - 24. What is the remainder when o is divided by 3?
2
Let y = -82 - -117. Let j(i) be the first derivative of 19*i**4/4 - 2*i**3/3 + i + 6. What is the remainder when y is divided by j(1)?
17
Let o = 58 + 1. What is the remainder when o is divided by 17?
8
Calculate the remainder when -5*(-1 + -3 - -2) is divided by 18/30 + (-34)/(-10).
2
Let v(n) = -2*n**3 - 6*n**2 - n**3 + 2*n + 2 + 4*n**3 + 2. Calculate the remainder when 46 is divided by v(6).
14
Let o = -28 - -53. Let r(j) = 2*j**2 - 4*j + 7. Calculate the remainder when o is divided by r(2).
4
Let x = 8 - 5. What is the remainder when (2 - (-48)/(-28))*28 is divided by x?
2
Suppose -4*c = -244 - 68. Calculate the remainder when c is divided by 20.
18
Suppose 0 = 5*v - 2*j - 0*j + 395, 2*v + 152 = 2*j. Calculate the remainder when 40 is divided by 2/4 - v/6.
12
Suppose 5*c - 26 = 89. Let r = -7 - -15. Suppose 2*j = -2*j + r, -2*h = 4*j - 32. What is the remainder when c is divided by h?
11
Calculate the remainder when 39 is divided by 81/(-108) + 0 + 118/8.
11
Suppose 6*b - 2*b = -4*y + 68, 0 = -3*b - 5*y + 51. Suppose -b + 1 = -4*n. What is the remainder when n is divided by 3?
1
Let y = -147 + 190. Calculate the remainder when y is divided by 23.
20
Let k be (2/(-5))/((-3)/(-15)). Let j be 2*(1 + k) + 33. Suppose v + 2 = 3*d + 5, -5*v = d - j. Calculate the remainder when v is divided by 4.
2
Suppose 3*j + 37 - 100 = 0. Calculate the remainder when 102 is divided by j.
18
Let x(p) = 4*p**2 - 2*p + 1. Let f be x(1). Suppose -w - 14 = -y, -y - w + f*w = -15. Let o = y + -5. What is the remainder when o is divided by 5?
3
Let y = -149 + -61. What is the remainder when 1/((-3)/y*2) is divided by 12?
11
Let w(s) = -s**3 + 6*s**2 - 2*s - 7. Let y be 6*(0/2 + 10). Suppose -9 = -3*c + y. Calculate the remainder when c is divided by w(5).
7
Let l be 2 + 2 - -168 - -1. Suppose 5 = -3*w + l. Calculate the remainder when w is divided by 19.
18
Suppose 3*q - 5*s - 48 = 0, -3*q + 4*s + 73 - 28 = 0. What is the remainder when 123/3 + 2 + -1 is divided by q?
9
Let n = 6 - -8. Suppose 64 - 22 = -2*d. Let r = d + 62. What is the remainder when r is divided by n?
13
Suppose 9*s - 42 = 30. Calculate the remainder when s is divided by 3.
2
Let w = -3 - -8. Suppose 4*i = 5*k - 107, -100 = -w*k + k - 4*i. What is the remainder when 44 is divided by k?
21
Let u = 24 - -37. Calculate the remainder when u is divided by 31.
30
Suppose 2*v = -2*v. Let h(d) = -d**2 - 9*d + 5. Let i be h(-9). Suppose 3*m + m - 3*b - 6 = v, -4*b - 7 = -i*m. What is the remainder when 8 is divided by m?
2
Let y = -4 - -3. Let m = y + 4. Let i(u) = -u**3 + 3*u**2 + u + 2. What is the remainder when 9 is divided by i(m)?
4
Suppose -3*n = -3*h - 81, -4*n - h = -0*n - 113. Let j(f) = -4*f**2 - f**2 + 6*f**2 - 5 - f. Calculate the remainder when n is divided by j(5).
13
Let i be 116/6*(-18)/(-12). Suppose i = 3*g - 43. Calculate the remainder when g is divided by 9.
6
Let x(u) = -u**2 - 9*u - 1. Let v be x(-9). What is the remainder when -2*v/((-3)/(-69)) is divided by 16?
14
Suppose 298 = 6*b - 56. Calculate the remainder when b is divided by 15.
14
Let p = 74 + -141. Let u = -35 - p. Suppose -5*g - 36 + 121 = 0. What is the remainder when u is divided by g?
15
Let s = -11 - -14. What is the remainder when 3 is divided by s?
0
Suppose -5*z + 5*q = -0*z + 30, 0 = 4*z - 2*q + 24. Let d(s) = -s**2 - 16*s + 19. Calculate the remainder when (-6)/(-12) - z/4 is divided by d(-17).
0
Let c = -6 - -11. Let i(l) = l**2 - 6*l. Let s be i(6). Suppose -c*m - o + 159 = s, -3*m + o = -2*m - 27. Calculate the remainder when m is divided by 11.
9
Let j(y) = y**2 + 2*y - 16. Suppose -4*f + 22 = -3*l, -4*f = f - 5*l - 25. What is the remainder when j(-7) is divided by f?
5
Let f(h) = -h**3 - 18*h**2 - 17*h + 10. Let u be f(-17). What is the remainder when 2 is divided by 3 + 1 + u/(-5)?
0
Suppose 0*v + 21 = v. Suppose 0*i + 5*i = 465. Let w = -31 + i. What is the remainder when w is divided by v?
20
Let b(s) = s**2 - 9*s - 2. Let o be b(8). Let z = o + 7. What is the remainder when 4 is divided by (-15)/10*4/z?
0
Suppose -n = 4*n - 15. Let o = -4 + n. Let t = 6 - o. What is the remainder when 19 is divided by t?
5
Let d(i) = i - 8. Let u be d(8). Suppose u = 4*n + 3*z - 36, 3*z + 0*z = n - 9. Calculate the remainder when n is divided by 3.
0
Let t be (-6)/21 + 80/(-14). What is the remainder when 13 is divided by (-4)/t*15/2?
3
Suppose 0 = -3*m + i + 104 + 101, 4*m + 5*i - 305 = 0. Calculate the remainder when m is divided by 56/3 + 2/(-3).
16
Suppose -4*n + 5*q = 3, 0 = -3*n + n + 4*q - 6. Calculate the remainder when n is divided by 3.
0
Suppose 14 = 5*d - 71. What is the remainder when d is divided by 5?
2
Calculate the remainder when (-8)/52 + (-1694)/(-26) is divided by 33.
32
Suppose 4*k = -2*j + 64, -4*k + 26 = -0*j + j. What is the remainder when j is divided by 13?
12
Suppose -3*a + 138 = -171. Suppose 3*l - a = -16. What is the remainder when l is divided by 15?
14
Suppose 2*c = -0*c + 4. Suppose c*f = -f + 6. Suppose -3*d + 4 = -3*h + 1, 0 = -3*h + 6. Calculate the remainder when d is divided by f.
1
Let k(g) = -g**3 + 19*g**2 - 12*g - 26. What is the remainder when k(18) is divided by 17?
14
Suppose -3*i + 115 + 140 = 0. Calculate the remainder when i is divided by 22.
19
Suppose 0 = -q - 2, 3*p + 3*q - 65 = 88. Suppose -3*b - 37 = p. Calculate the rema